{"id":205,"date":"2024-03-26T15:34:53","date_gmt":"2024-03-26T14:34:53","guid":{"rendered":"https:\/\/anandame.fr\/?page_id=205"},"modified":"2024-03-26T17:42:37","modified_gmt":"2024-03-26T16:42:37","slug":"massage-harmonie","status":"publish","type":"page","link":"https:\/\/anandame.fr\/index.php\/massage-harmonie\/","title":{"rendered":"Massage Harmonie"},"content":{"rendered":"\t\t<div data-elementor-type=\"wp-page\" data-elementor-id=\"205\" class=\"elementor elementor-205\">\n\t\t\t\t\t\t<section class=\"elementor-section elementor-top-section elementor-element elementor-element-42bd958 elementor-section-boxed elementor-section-height-default elementor-section-height-default\" data-id=\"42bd958\" data-element_type=\"section\">\n\t\t\t\t\t\t<div class=\"elementor-container elementor-column-gap-default\">\n\t\t\t\t\t<div class=\"elementor-column elementor-col-100 elementor-top-column elementor-element elementor-element-4cf3d88\" data-id=\"4cf3d88\" data-element_type=\"column\">\n\t\t\t<div class=\"elementor-widget-wrap elementor-element-populated\">\n\t\t\t\t\t\t<div class=\"elementor-element elementor-element-bb72d6e elementor-widget__width-initial elementor-invisible elementor-widget elementor-widget-heading\" data-id=\"bb72d6e\" data-element_type=\"widget\" data-settings=\"{&quot;_animation&quot;:&quot;fadeIn&quot;}\" data-widget_type=\"heading.default\">\n\t\t\t\t<div class=\"elementor-widget-container\">\n\t\t\t<style>\/*! elementor - v3.20.0 - 26-03-2024 *\/\n.elementor-heading-title{padding:0;margin:0;line-height:1}.elementor-widget-heading .elementor-heading-title[class*=elementor-size-]>a{color:inherit;font-size:inherit;line-height:inherit}.elementor-widget-heading .elementor-heading-title.elementor-size-small{font-size:15px}.elementor-widget-heading .elementor-heading-title.elementor-size-medium{font-size:19px}.elementor-widget-heading .elementor-heading-title.elementor-size-large{font-size:29px}.elementor-widget-heading .elementor-heading-title.elementor-size-xl{font-size:39px}.elementor-widget-heading .elementor-heading-title.elementor-size-xxl{font-size:59px}<\/style><h2 class=\"elementor-heading-title elementor-size-default\">Le massage Harmonie, un massage traditionnel ayurv\u00e9dique au bol Kansu.<\/h2>\t\t<\/div>\n\t\t\t\t<\/div>\n\t\t\t\t\t<\/div>\n\t\t<\/div>\n\t\t\t\t\t<\/div>\n\t\t<\/section>\n\t\t\t\t<section class=\"elementor-section elementor-top-section elementor-element elementor-element-766366b elementor-section-boxed elementor-section-height-default elementor-section-height-default\" data-id=\"766366b\" data-element_type=\"section\">\n\t\t\t\t\t\t<div class=\"elementor-container elementor-column-gap-default\">\n\t\t\t\t\t<div class=\"elementor-column elementor-col-100 elementor-top-column elementor-element elementor-element-9aa8835\" data-id=\"9aa8835\" data-element_type=\"column\">\n\t\t\t<div class=\"elementor-widget-wrap elementor-element-populated\">\n\t\t\t\t\t\t<div class=\"elementor-element elementor-element-97f3a8f elementor-widget__width-initial elementor-widget elementor-widget-text-editor\" data-id=\"97f3a8f\" data-element_type=\"widget\" data-widget_type=\"text-editor.default\">\n\t\t\t\t<div class=\"elementor-widget-container\">\n\t\t\t<style>\/*! elementor - v3.20.0 - 26-03-2024 *\/\n.elementor-widget-text-editor.elementor-drop-cap-view-stacked .elementor-drop-cap{background-color:#69727d;color:#fff}.elementor-widget-text-editor.elementor-drop-cap-view-framed .elementor-drop-cap{color:#69727d;border:3px solid;background-color:transparent}.elementor-widget-text-editor:not(.elementor-drop-cap-view-default) .elementor-drop-cap{margin-top:8px}.elementor-widget-text-editor:not(.elementor-drop-cap-view-default) .elementor-drop-cap-letter{width:1em;height:1em}.elementor-widget-text-editor .elementor-drop-cap{float:left;text-align:center;line-height:1;font-size:50px}.elementor-widget-text-editor .elementor-drop-cap-letter{display:inline-block}<\/style>\t\t\t\t<p><span style=\"font-size: 0.98em; font-style: normal; text-align: inherit; font-weight: 400; color: #9b371c; text-indent: 0em;\">Le massage au bol Kansu s\u2019inscrit dans les traditions indiennes depuis des mill\u00e9naires. Il se transmet en famille, de g\u00e9n\u00e9ration en g\u00e9n\u00e9ration, pour que les enfants prennent soin de leurs ain\u00e9s. C&rsquo;est un massage tout en douceur qui apporte l\u00e2cher-prise, d\u00e9tente, circulation de l&rsquo;\u00e9nergie pour se reconnecter \u00e0 soi.&nbsp;<\/span><\/p>\n<p><span style=\"font-style: normal; font-weight: 400; color: #9b371c; text-align: inherit;\">Dans la tradition v\u00e9dique, ce massage est aussi propos\u00e9 comme soin du corps, en plus d&rsquo;une attention particuli\u00e8re sur son hygi\u00e8ne de vie, afin d&rsquo;aider le corps \u00e0 \u00e9liminer ama (les toxines) et \u00e0 fonctionner de mani\u00e8re optimale. Il est int\u00e9ressant pour agir sur les exc\u00e8s de Vata (air, nervosit\u00e9) et de Pitta (feu, col\u00e8re, inflammation).<\/span><\/p>\n<p><span style=\"font-style: normal; font-weight: 400; color: #9b371c; text-align: inherit;\">Sa particularit\u00e9 se trouve dans l&rsquo;utilisation d&rsquo;un bol, appel\u00e9 Kansu, qui se compose d&rsquo;un alliage de 5 m\u00e9taux dont le cuivre, le bronze et le zinc, allant chacun connecter avec des tissus du corps pour y apporter leurs bienfaits. Sa forme et sa taille lui permettent de se modeler \u00e0 toutes les parties du corps.&nbsp;<\/span><\/p>\n<p><span style=\"font-style: normal; font-weight: 400; color: #9b371c; text-align: inherit;\">Ce massage du corps \u00e0 l&rsquo;huile et aux bols est global; il vient s&rsquo;effectuer sur des zones cl\u00e9s : dos, ventre, pieds et visage.&nbsp;<\/span><span style=\"color: rgb(155, 55, 28); font-style: normal; font-weight: 400; text-align: inherit; text-indent: 0em;\">Pour un moment, plus court et cibl\u00e9, il se pratique que sur la zone des pieds. Dans tous les cas, cela se fait en fonction de votre forme et de vos besoins le jour J.&nbsp;<\/span><\/p>\n<p style=\"color: #9b371c; font-family: 'YADK4FSjBn0 0', _fb_, auto; --font-size: 21.3333px; --line-height: 1.4; line-height: 29px;\">\n<\/p>\t\t\t\t\t\t<\/div>\n\t\t\t\t<\/div>\n\t\t\t\t\t<\/div>\n\t\t<\/div>\n\t\t\t\t\t<\/div>\n\t\t<\/section>\n\t\t\t\t<section class=\"elementor-section elementor-top-section elementor-element elementor-element-5f32ef1 elementor-section-boxed elementor-section-height-default elementor-section-height-default\" data-id=\"5f32ef1\" data-element_type=\"section\">\n\t\t\t\t\t\t<div class=\"elementor-container elementor-column-gap-default\">\n\t\t\t\t\t<div class=\"elementor-column elementor-col-100 elementor-top-column elementor-element elementor-element-12744d7\" data-id=\"12744d7\" data-element_type=\"column\">\n\t\t\t<div class=\"elementor-widget-wrap elementor-element-populated\">\n\t\t\t\t\t\t<div class=\"elementor-element elementor-element-24e94da elementor-widget__width-initial elementor-arrows-position-inside elementor-pagination-position-outside elementor-widget elementor-widget-image-carousel\" data-id=\"24e94da\" data-element_type=\"widget\" data-settings=\"{&quot;slides_to_scroll&quot;:&quot;3&quot;,&quot;navigation&quot;:&quot;both&quot;,&quot;autoplay&quot;:&quot;yes&quot;,&quot;pause_on_hover&quot;:&quot;yes&quot;,&quot;pause_on_interaction&quot;:&quot;yes&quot;,&quot;autoplay_speed&quot;:5000,&quot;infinite&quot;:&quot;yes&quot;,&quot;speed&quot;:500}\" data-widget_type=\"image-carousel.default\">\n\t\t\t\t<div class=\"elementor-widget-container\">\n\t\t\t<style>\/*! elementor - v3.20.0 - 26-03-2024 *\/\n.elementor-widget-image-carousel .swiper,.elementor-widget-image-carousel .swiper-container{position:static}.elementor-widget-image-carousel .swiper-container .swiper-slide figure,.elementor-widget-image-carousel .swiper .swiper-slide figure{line-height:inherit}.elementor-widget-image-carousel .swiper-slide{text-align:center}.elementor-image-carousel-wrapper:not(.swiper-container-initialized):not(.swiper-initialized) .swiper-slide{max-width:calc(100% \/ var(--e-image-carousel-slides-to-show, 3))}<\/style>\t\t<div class=\"elementor-image-carousel-wrapper swiper\" dir=\"ltr\">\n\t\t\t<div class=\"elementor-image-carousel swiper-wrapper\" aria-live=\"off\">\n\t\t\t\t\t\t\t\t<div class=\"swiper-slide\" role=\"group\" aria-roledescription=\"slide\" aria-label=\"1 sur 4\"><figure class=\"swiper-slide-inner\"><img decoding=\"async\" class=\"swiper-slide-image\" src=\"https:\/\/anandame.fr\/wp-content\/uploads\/2023\/10\/wellness-gc4e0edb5c_1920.jpg\" alt=\"wellness-gc4e0edb5c_1920\" \/><\/figure><\/div><div class=\"swiper-slide\" role=\"group\" aria-roledescription=\"slide\" aria-label=\"2 sur 4\"><figure class=\"swiper-slide-inner\"><img decoding=\"async\" class=\"swiper-slide-image\" src=\"https:\/\/anandame.fr\/wp-content\/uploads\/2024\/03\/5df2d80f250000330098df97.jpeg\" alt=\"5df2d80f250000330098df97\" \/><\/figure><\/div><div class=\"swiper-slide\" role=\"group\" aria-roledescription=\"slide\" aria-label=\"3 sur 4\"><figure class=\"swiper-slide-inner\"><img decoding=\"async\" class=\"swiper-slide-image\" src=\"https:\/\/anandame.fr\/wp-content\/uploads\/2024\/03\/model-g30d064c53_1920.jpg\" alt=\"model-g30d064c53_1920\" \/><\/figure><\/div><div class=\"swiper-slide\" role=\"group\" aria-roledescription=\"slide\" aria-label=\"4 sur 4\"><figure class=\"swiper-slide-inner\"><img decoding=\"async\" class=\"swiper-slide-image\" src=\"https:\/\/anandame.fr\/wp-content\/uploads\/2024\/03\/1495124718.jpg\" alt=\"1495124718\" \/><\/figure><\/div>\t\t\t<\/div>\n\t\t\t\t\t\t\t\t\t\t\t\t<div class=\"elementor-swiper-button elementor-swiper-button-prev\" role=\"button\" tabindex=\"0\">\n\t\t\t\t\t\t<i aria-hidden=\"true\" class=\"eicon-chevron-left\"><\/i>\t\t\t\t\t<\/div>\n\t\t\t\t\t<div class=\"elementor-swiper-button elementor-swiper-button-next\" role=\"button\" tabindex=\"0\">\n\t\t\t\t\t\t<i aria-hidden=\"true\" class=\"eicon-chevron-right\"><\/i>\t\t\t\t\t<\/div>\n\t\t\t\t\n\t\t\t\t\t\t\t\t\t<div class=\"swiper-pagination\"><\/div>\n\t\t\t\t\t\t\t\t\t<\/div>\n\t\t\t\t<\/div>\n\t\t\t\t<\/div>\n\t\t\t\t\t<\/div>\n\t\t<\/div>\n\t\t\t\t\t<\/div>\n\t\t<\/section>\n\t\t\t\t<section class=\"elementor-section elementor-top-section elementor-element elementor-element-a9637a1 elementor-section-boxed elementor-section-height-default elementor-section-height-default\" data-id=\"a9637a1\" data-element_type=\"section\">\n\t\t\t\t\t\t<div class=\"elementor-container elementor-column-gap-default\">\n\t\t\t\t\t<div class=\"elementor-column elementor-col-100 elementor-top-column elementor-element elementor-element-1369e32\" data-id=\"1369e32\" data-element_type=\"column\">\n\t\t\t<div class=\"elementor-widget-wrap\">\n\t\t\t\t\t\t\t<\/div>\n\t\t<\/div>\n\t\t\t\t\t<\/div>\n\t\t<\/section>\n\t\t\t\t<section class=\"elementor-section elementor-top-section elementor-element elementor-element-3ca4389 elementor-section-boxed elementor-section-height-default elementor-section-height-default\" data-id=\"3ca4389\" data-element_type=\"section\">\n\t\t\t\t\t\t<div class=\"elementor-container elementor-column-gap-default\">\n\t\t\t\t\t<div class=\"elementor-column elementor-col-100 elementor-top-column elementor-element elementor-element-caa62c3\" data-id=\"caa62c3\" data-element_type=\"column\">\n\t\t\t<div class=\"elementor-widget-wrap elementor-element-populated\">\n\t\t\t\t\t\t<section class=\"elementor-section elementor-inner-section elementor-element elementor-element-01e2357 elementor-section-boxed elementor-section-height-default elementor-section-height-default\" data-id=\"01e2357\" data-element_type=\"section\">\n\t\t\t\t\t\t<div class=\"elementor-container elementor-column-gap-default\">\n\t\t\t\t\t<div class=\"elementor-column elementor-col-50 elementor-inner-column elementor-element elementor-element-bf90502\" data-id=\"bf90502\" data-element_type=\"column\">\n\t\t\t<div class=\"elementor-widget-wrap elementor-element-populated\">\n\t\t\t\t\t\t<div class=\"elementor-element elementor-element-2b16967 elementor-widget__width-initial elementor-widget elementor-widget-text-editor\" data-id=\"2b16967\" data-element_type=\"widget\" data-widget_type=\"text-editor.default\">\n\t\t\t\t<div class=\"elementor-widget-container\">\n\t\t\t\t\t\t\t<h3><span style=\"color: #f19215; font-style: normal; font-weight: 400; text-indent: 0em; text-align: inherit;\">LES BIENFAITS :<\/span><\/h3><ul><li><span class=\"OYPEnA text-decoration-none text-strikethrough-none\" style=\"color: #9b371c; font-weight: 400; font-style: normal;\">bonne circulation de l&rsquo;\u00e9nergie dans le corps<\/span><\/li><li><span class=\"OYPEnA text-decoration-none text-strikethrough-none\" style=\"color: #9b371c; font-weight: 400; font-style: normal;\">\u00e9limination d&rsquo;ama (les toxines)<\/span><\/li><li><span class=\"OYPEnA text-decoration-none text-strikethrough-none\" style=\"color: #9b371c; font-weight: 400; font-style: normal;\">am\u00e9lioration de la circulation sanguine<\/span><\/li><li><span class=\"OYPEnA text-decoration-none text-strikethrough-none\" style=\"color: #9b371c; font-weight: 400; font-style: normal;\">drainage lymphatique<\/span><\/li><li><span class=\"OYPEnA text-decoration-none text-strikethrough-none\" style=\"color: #9b371c; font-weight: 400; font-style: normal;\">r\u00e9gulation du syst\u00e8me digestif<\/span><\/li><li><span class=\"OYPEnA text-decoration-none text-strikethrough-none\" style=\"color: #9b371c; font-weight: 400; font-style: normal;\">att\u00e9nue nervosit\u00e9 et col\u00e8re<\/span><\/li><li><span class=\"OYPEnA text-decoration-none text-strikethrough-none\" style=\"color: #9b371c; font-weight: 400; font-style: normal;\">relaxe le syst\u00e8me nerveux<\/span><\/li><li><span class=\"OYPEnA text-decoration-none text-strikethrough-none\" style=\"color: #9b371c; font-weight: 400; font-style: normal;\">apporte calme et s\u00e9r\u00e9nit\u00e9<\/span><\/li><\/ul>\t\t\t\t\t\t<\/div>\n\t\t\t\t<\/div>\n\t\t\t\t\t<\/div>\n\t\t<\/div>\n\t\t\t\t<div class=\"elementor-column elementor-col-50 elementor-inner-column elementor-element elementor-element-0a6723f\" data-id=\"0a6723f\" data-element_type=\"column\" data-settings=\"{&quot;background_background&quot;:&quot;classic&quot;}\">\n\t\t\t<div class=\"elementor-widget-wrap elementor-element-populated\">\n\t\t\t\t\t\t<div class=\"elementor-element elementor-element-54efe86 e-transform elementor-invisible elementor-widget elementor-widget-testimonial\" data-id=\"54efe86\" data-element_type=\"widget\" data-settings=\"{&quot;_animation&quot;:&quot;slideInRight&quot;,&quot;_transform_scale_effect&quot;:{&quot;unit&quot;:&quot;px&quot;,&quot;size&quot;:&quot;&quot;,&quot;sizes&quot;:[]},&quot;_transform_scale_effect_tablet&quot;:{&quot;unit&quot;:&quot;px&quot;,&quot;size&quot;:&quot;&quot;,&quot;sizes&quot;:[]},&quot;_transform_scale_effect_mobile&quot;:{&quot;unit&quot;:&quot;px&quot;,&quot;size&quot;:&quot;&quot;,&quot;sizes&quot;:[]}}\" data-widget_type=\"testimonial.default\">\n\t\t\t\t<div class=\"elementor-widget-container\">\n\t\t\t<style>\/*! elementor - v3.20.0 - 26-03-2024 *\/\n.elementor-testimonial-wrapper{overflow:hidden;text-align:center}.elementor-testimonial-wrapper .elementor-testimonial-content{font-size:1.3em;margin-bottom:20px}.elementor-testimonial-wrapper .elementor-testimonial-name{line-height:1.5;display:block}.elementor-testimonial-wrapper .elementor-testimonial-job{font-size:.85em;display:block}.elementor-testimonial-wrapper .elementor-testimonial-meta{width:100%;line-height:1}.elementor-testimonial-wrapper .elementor-testimonial-meta-inner{display:inline-block}.elementor-testimonial-wrapper .elementor-testimonial-meta .elementor-testimonial-details,.elementor-testimonial-wrapper .elementor-testimonial-meta .elementor-testimonial-image{display:table-cell;vertical-align:middle}.elementor-testimonial-wrapper .elementor-testimonial-meta .elementor-testimonial-image img{width:60px;height:60px;border-radius:50%;-o-object-fit:cover;object-fit:cover;max-width:none}.elementor-testimonial-wrapper .elementor-testimonial-meta.elementor-testimonial-image-position-aside .elementor-testimonial-image{padding-right:15px}.elementor-testimonial-wrapper .elementor-testimonial-meta.elementor-testimonial-image-position-aside .elementor-testimonial-details{text-align:left}.elementor-testimonial-wrapper .elementor-testimonial-meta.elementor-testimonial-image-position-top .elementor-testimonial-details,.elementor-testimonial-wrapper .elementor-testimonial-meta.elementor-testimonial-image-position-top .elementor-testimonial-image{display:block}.elementor-testimonial-wrapper .elementor-testimonial-meta.elementor-testimonial-image-position-top .elementor-testimonial-image{margin-bottom:20px}<\/style>\t\t<div class=\"elementor-testimonial-wrapper\">\n\t\t\t\t\t\t\t<div class=\"elementor-testimonial-content\">\" J'ai eu la chance de b\u00e9n\u00e9ficier d'un massage au bol , c'\u00e9tait relaxant au possible, une vrai pause d\u00e9tente avec Ana\u00efs qui est douce et attentive. Je vous recommande sans h\u00e9sitation ses soins qui sont tous plus all\u00e9chants les uns que les autres... je me languis d'en d\u00e9couvrir d'autres. Merci a toi Ana\u00efs pour le bien \u00eatre que tu m'as procur\u00e9. \"<\/div>\n\t\t\t\n\t\t\t\t\t\t<div class=\"elementor-testimonial-meta elementor-has-image elementor-testimonial-image-position-aside\">\n\t\t\t\t<div class=\"elementor-testimonial-meta-inner\">\n\t\t\t\t\t\t\t\t\t\t\t<div class=\"elementor-testimonial-image\">\n\t\t\t\t\t\t\t<img fetchpriority=\"high\" decoding=\"async\" width=\"746\" height=\"725\" src=\"https:\/\/anandame.fr\/wp-content\/uploads\/2024\/03\/val.png\" class=\"attachment-full size-full wp-image-227\" alt=\"\" srcset=\"https:\/\/anandame.fr\/wp-content\/uploads\/2024\/03\/val.png 746w, https:\/\/anandame.fr\/wp-content\/uploads\/2024\/03\/val-300x292.png 300w, https:\/\/anandame.fr\/wp-content\/uploads\/2024\/03\/val-309x300.png 309w\" sizes=\"(max-width: 746px) 100vw, 746px\" \/>\t\t\t\t\t\t<\/div>\n\t\t\t\t\t\n\t\t\t\t\t\t\t\t\t\t<div class=\"elementor-testimonial-details\">\n\t\t\t\t\t\t\t\t\t\t\t\t\t\t<div class=\"elementor-testimonial-name\">Valentine<\/div>\n\t\t\t\t\t\t\t\t\t\t\t\t\t\t\t\t\t\t\t<\/div>\n\t\t\t\t\t\t\t\t\t<\/div>\n\t\t\t<\/div>\n\t\t\t\t\t<\/div>\n\t\t\t\t<\/div>\n\t\t\t\t<\/div>\n\t\t\t\t\t<\/div>\n\t\t<\/div>\n\t\t\t\t\t<\/div>\n\t\t<\/section>\n\t\t\t\t\t<\/div>\n\t\t<\/div>\n\t\t\t\t\t<\/div>\n\t\t<\/section>\n\t\t\t\t<\/div>\n\t\t","protected":false},"excerpt":{"rendered":"<p>Le massage Harmonie, un massage traditionnel ayurv\u00e9dique au bol Kansu. Le massage au bol Kansu s\u2019inscrit dans les traditions indiennes depuis des mill\u00e9naires. Il se &hellip;<\/p>\n","protected":false},"author":1,"featured_media":0,"parent":0,"menu_order":0,"comment_status":"closed","ping_status":"closed","template":"","meta":{"_mi_skip_tracking":false,"footnotes":""},"class_list":["post-205","page","type-page","status-publish","hentry"],"aioseo_notices":[],"_links":{"self":[{"href":"https:\/\/anandame.fr\/index.php\/wp-json\/wp\/v2\/pages\/205"}],"collection":[{"href":"https:\/\/anandame.fr\/index.php\/wp-json\/wp\/v2\/pages"}],"about":[{"href":"https:\/\/anandame.fr\/index.php\/wp-json\/wp\/v2\/types\/page"}],"author":[{"embeddable":true,"href":"https:\/\/anandame.fr\/index.php\/wp-json\/wp\/v2\/users\/1"}],"replies":[{"embeddable":true,"href":"https:\/\/anandame.fr\/index.php\/wp-json\/wp\/v2\/comments?post=205"}],"version-history":[{"count":8,"href":"https:\/\/anandame.fr\/index.php\/wp-json\/wp\/v2\/pages\/205\/revisions"}],"predecessor-version":[{"id":230,"href":"https:\/\/anandame.fr\/index.php\/wp-json\/wp\/v2\/pages\/205\/revisions\/230"}],"wp:attachment":[{"href":"https:\/\/anandame.fr\/index.php\/wp-json\/wp\/v2\/media?parent=205"}],"curies":[{"name":"wp","href":"https:\/\/api.w.org\/{rel}","templated":true}]}}